 7. Let l be 60/(-8)*s/(-15). Let t(p) = -2*p**2 - p + 3. Let f(v) = v**2 + v - 1. Let a(z) = -11*f(z) - 6*t(z). Calculate a(l).
-7
Let v(z) be the third derivative of z**6/120 - 7*z**5/60 + z**4/8 + 2*z**3 - z**2 + 85*z - 8. Give v(6).
-6
Let l(w) = w**2 - 2. Suppose 0 = -6*u + 4*u + 48. Suppose 0 = 2*g - 3*p - u, 5*p = g - 4*g + 55. Let v = g + -18. Calculate l(v).
7
Let g(p) be the first derivative of -p**4/24 - 11*p**3/6 + 9*p**2/2 + 4*p + 51. Let s(d) be the second derivative of g(d). Give s(-7).
-4
Let q(m) = -m - 2. Suppose -860 = -601*n + 558*n. Calculate q(n).
-22
Let v(u) = 9485*u + 693 - 4788*u - 4813*u. Give v(6).
-3
Let d(a) = -3*a + 2. Let q(w) = 24*w - 27. Let i(c) = 6*d(c) + q(c). Give i(-7).
-57
Let v(o) = -o**2 + 7*o + 12. Suppose 3*n = n - 5*n. Suppose n = m - 81 + 72. What is v(m)?
-6
Suppose -8*o = -17*o - 9. Let s(x) be the second derivative of 0 - 1/2*x**2 - 1/4*x**5 + 3*x + 1/12*x**4 - 1/6*x**3. Calculate s(o).
6
Let c(j) be the first derivative of -2*j - 9 + 1/2*j**2. Let x(g) = g + 5. Let h(y) = 2*c(y) + x(y). What is h(-2)?
-5
Let j(n) be the first derivative of 1/4*n**4 + 1/2*n**2 + 5*n**3 + 194 + 9*n. What is j(-15)?
-6
Suppose -4*q - 17 - 66 = -19. Let b(o) = o**2 + 18*o - 10. Determine b(q).
-42
Let s(o) = 3*o - 21. Let l(x) = -2*x**3 + 108*x**2 - 11*x + 601. Let g be l(54). Determine s(g).
0
Let s = -1524 + 1520. Let g(z) = -z**3 + z**2 + 4*z - 9. Determine g(s).
55
Let w(p) = 3*p - 982 - 1006 + 1877. Give w(36).
-3
Let q = 29 - 6. Let u(r) = q + 22*r + 14*r - 32*r - r**2. Let v be u(7). Let t(g) = -g + 1. What is t(v)?
-1
Suppose 0 = 3*y - 9, -2*y + 6 = -61*f + 60*f. Let h(l) = -l**2 - 2*l - 45. Calculate h(f).
-45
Let v(k) = 2096 - 4154 + 2050 - k. Let s = -36 - -20. Let g = s + 9. Determine v(g).
-1
Let o(f) = 6*f**2 + 159*f - 107. Let l(r) = 9*r**2 + 190*r - 108. Let b(z) = -3*l(z) + 4*o(z). Calculate b(20).
16
Let v(f) be the first derivative of f**6/120 - 7*f**5/60 + f**4/8 - f**3/6 + 99*f**2 + 69. Let d(n) be the second derivative of v(n). Give d(7).
20
Suppose 0 = -3*i, 0 = 22*u - 17*u + i - 15. Let n(m) be the second derivative of -1/12*m**4 - 1/2*m**2 + 0 - 3*m + m**3. Calculate n(u).
8
Suppose r = -3*r + 72. Let u(v) = -20 + 0*v - 33 - 13 + 103 - v - 11. Calculate u(r).
8
Let y(s) = -5*s**3 + 15*s**2 - 14*s + 12. Let k(o) = -6*o**3 + 16*o**2 - 16*o + 12. Let u(x) = -4*k(x) + 5*y(x). What is u(11)?
-54
Let g(s) = -s**3 - 17*s**2 - 6*s + 12. Let z(m) = -m**3 - 19*m**2 - 9*m + 14. Let y(w) = 6*g(w) - 5*z(w). Calculate y(-8).
-6
Let j(p) = p**2 + p - 6*p + 0*p**2 + 1. Let s be -7*(-20)/84*6/(-4)*-2. Determine j(s).
1
Let r(z) = -2*z**3 - 3*z**2 + z + 3. Let t be r(-2). Suppose 4*b = -d - 20 - 5, 4*d = t*b + 5. Let y = -3 - b. Let k(s) = -s**2 + s - 1. Determine k(y).
-3
Suppose -m = h + 18, -52 = 5*h + m + 18. Let p(u) = 7*u**2 + 14*u + 2. Let j(q) = 17*q**2 + 29*q + 14. Let r(o) = 2*j(o) - 5*p(o). Give r(h).
5
Let k(a) = -85*a - 48. Let o(p) = -573*p - 336. Let c(r) = -27*k(r) + 4*o(r). Calculate c(13).
-9
Suppose -454 = 45*u - 94. Let b(w) = w**3 + 5*w**2 - 5*w - 15. Calculate b(u).
-167
Let l(r) = 3*r**2 + 15*r + 25. Let m = 3519 + -3521. What is l(m)?
7
Let c be 23 - (25 + 238/(-34)). Let x(n) = n**3 - n**2 - n. Let b(r) = -3*r**3 + 9*r**2 - 3*r - 2. Let y(k) = -b(k) - 2*x(k). Calculate y(c).
-23
Let k(c) = -1660*c**2 - 1538*c**2 - c**3 + 5*c + 11 + 3196*c**2. What is k(-3)?
5
Let c(l) = -l**3 - 8*l**2 - 15*l - 6. Let i(w) = 4*w - 6. Let t be i(0). Let v be c(t). Let u(j) = j**3 - 13*j**2 + 12*j. What is u(v)?
0
Suppose 0 = 4*c - 0*c - 2*v - 36, -c + 9 = 3*v. Let u(q) = -2 - c*q + 4 + 8*q. Let m = 57 + -51. Calculate u(m).
-4
Let l(v) be the third derivative of -v - 1/8*v**4 + 0 - 14*v**2 + 0*v**3. Let b(i) = i**2 + 5*i - 6. Let p be b(-5). Give l(p).
18
Let o(v) = 0*v**3 + 2 + v**3 - 2*v**3 - v**2. Let c = -74 - -98. Suppose 0 = 7*w + 5*w + c. Give o(w).
6
Let i = 9990 - 10008. Let n(v) = -3*v**2 - 52*v + 40. Give n(i).
4
Let o(s) = s**3 - 5*s**2 - 7*s + 11. Let u be o(6). Suppose u*h + f + 72 - 25 = 0, 3*h = 5*f - 45. Let y(r) = -r - 7. Calculate y(h).
3
Suppose -1 = -v, 4*v + 6 = o - 2. Let r(s) = 22*s**2 - 106*s. Let b(p) = -3*p**2 + 15*p. Let u(i) = -15*b(i) - 2*r(i). Determine u(o).
-12
Let d(f) = 2*f**2 + f. Let p(k) = -k**3 + 5*k**2 + 6*k - 71. Let s(r) = -4*d(r) + p(r). Calculate s(-6).
25
Suppose -37 = 4*m + 2*h - 247, -h + 205 = 4*m. Let w(y) = 16 - m + 22 + 21 + 6*y. Determine w(-3).
-9
Suppose 1413 = 8*s + 1461. Let x(l) be the first derivative of -l**5/60 - 5*l**4/24 - l**3 - 7*l**2/2 - 6. Let g(j) be the second derivative of x(j). Give g(s).
-12
Let m(k) = k - 18. Let b = -37 + 16. Let v = b - -32. Calculate m(v).
-7
Let v(b) = b**3 + 40*b**2 + 24*b - 581. Let j be v(-39). Let p(a) = a**2 - 7*a + 9. What is p(j)?
-3
Let r(l) = 2*l. Let c be r(-2). Let v(o) be the first derivative of -27 + 1/2*o**2 + 0*o. Determine v(c).
-4
Suppose 19*g = 21*g - 4. Let t(c) = -245*c - 2 - 7 + 244*c - g. Calculate t(-8).
-3
Suppose -32 = -11*g + 23. Let o(x) = -2*x**2 + 8*x - 7. Give o(g).
-17
Suppose -l + k + 24 = 0, -3*l + 2*l - 4*k = -9. Let b(t) = -l*t**2 - 43*t + 24*t**2 + 45*t - t**3. Determine b(3).
6
Let q(r) = 9*r + 137. Let h(v) = v**3 - v**2 - 158*v - 39. Let b be h(-12). Give q(b).
2
Let h(d) be the first derivative of -d**4/4 - 5*d**3/3 - 5*d**2/2 - d + 3. Suppose -18*n + 15*n = -24. Let r = n + -12. What is h(r)?
3
Let f = -19066 - -19077. Let y(k) = -48*k + 536. Determine y(f).
8
Let t(c) = -2*c**3 - 12*c**2 - 12*c - 12. Let d = 603 + -608. Let g be t(d). Let u(l) = 5*l**2 + 2*l - 1. Give u(g).
15
Let m(w) be the second derivative of -w**4/12 - 4*w**3/3 - 9*w**2/2 + 466*w. Calculate m(-4).
7
Let x(l) = 8 + 27 + 2*l**2 + 2*l + 14 - 29 + 2*l. Calculate x(0).
20
Let t be (-5 - 80/(-15))*-3 + 7. Let p(w) = w - t*w**2 - w**2 - 132 + 0*w**2 + 133. What is p(-1)?
-7
Let l = -207 + 302. Suppose 0 = p + 18*p - l. Suppose -5*n - 60 = -p*t, 5*t - 30 = n + 10. Let g(q) = q**3 - 6*q**2 - 6*q - 10. Calculate g(t).
-3
Let o(a) = a**3 - a**2 - 2*a - 1. Let t be (-5 + 1)/2 + 11 - 3. Suppose -t*b + 8 = -14*b. What is o(b)?
-1
Let b = -114 + 127. Let y(c) = -7*c + b*c - c**2 - c**2 - 5*c + 3. What is y(3)?
-12
Let r(v) be the third derivative of 3*v**4/8 - 22*v**3/3 + 21*v**2 + v + 4. What is r(6)?
10
Let f(s) = -172654 - s + 2*s + 172649 - s**3. Suppose 2*l + 0 = -2. Let t be l - (-4 - (-1 + -2)). Calculate f(t).
-5
Let x(h) be the third derivative of h**6/120 + h**5/15 + h**4/24 + 31*h**3/6 - 4030*h**2. Determine x(-5).
1
Let h = 5 + 6. Let i be (3/5 - 3)/(27/(-90)). Let b(s) = -h*s + 4*s + i*s + 3 + 0*s. Determine b(0).
3
Let w(c) be the third derivative of -2*c**5/15 - 3*c**4/2 - 13*c**3/6 - 2*c**2 - 96*c. What is w(-4)?
3
Suppose -h + 10 = 4*h, 0 = -2*v - 4*h + 14. Let u = v - 5. Let s(b) be the first derivative of b**3/3 - b**2/2 - b + 3281. Determine s(u).
5
Let f(a) be the second derivative of a**3/3 + 65*a**2/2 + 279*a. What is f(-32)?
1
Let l(x) = -2*x**3 + 5 - 5*x - 37943*x**2 + 37943*x**2. Determine l(1).
-2
Let f = -21796 + 21800. Let d(w) = 2*w**3 - 6*w**2 - 9*w. What is d(f)?
-4
Let t(w) = 36570 + 2*w**2 + 6*w**2 - 36569. Let g = -21 + 20. What is t(g)?
9
Suppose 6*a = 617*d - 619*d - 30, 0 = 5*d + 3*a - 21. Let o(h) = -4*h**3 + 35*h**2 + 12*h - 20. What is o(d)?
7
Let j(t) = -3*t**2 - 16*t + 24. Let h(m) = 46*m + 44. Let d be h(-1). Let f(u) = u**2 + 5*u - 8. Let z(o) = d*j(o) - 7*f(o). Give z(-6).
-10
Let v(r) = -20*r + 25. Let b(z) = -11*z + 13. Let o be (4 - 4/(-10))/(8/20). Let t(d) = o*b(d) - 6*v(d). What is t(-9)?
2
Suppose 5*l - 9 = 5*b - 79, 0 = -b + 5*l - 2. Let u(a) = 3*a - 9. Let h be u(3). Suppose h = -9*j - b + 90. Let f(g) = 2*g - 3. Determine f(j).
13
Let u(b) be the third derivative of -27*b + 1/60*b**5 + 0 - 1/24*b**4 + 2*b**2 + 1/3*b**3. Determine u(4).
14
Let x(u) = -59*u**2 - 57*u**2 - 88*u**2 + 294 + 205*u**2 + 40*u. Determine x(-30).
-6
Let g(x) = 2*x**2 + 1. Suppose -4*v + 240 = v. Let f = 56 - v. Suppose -f = 2*d - 4. Determine g(d).
9
Let h(n) be the first derivative of 1/2*n**2 + 7*n - 27. Calculate h(-5).
2
Let l(v) be the second derivative of 3*v**5/20 + v**4/6 + 4*v**3/3 + 25*v**2/2 - 1843*v. Give l(-2).
-7
Let n = 67 + -65. Let m(p) be the first derivative of